 m(t) = 13*t + 45. What is the hundreds digit of m(z)?
4
Let y be (14/(-56))/((-3)/636). Let k = 214 - y. What is the tens digit of k?
6
Suppose -97 + 120 = 4*l + 5*a, -4*l - a + 11 = 0. Suppose l*p - 2282 = -2*g, g - 2326 = -4*p + 2244. What is the thousands digit of p?
1
Suppose 4*q + 64 = -4*w, -45 = 3*q - 3*w + 27. Let p be ((-36)/24)/(6/q). Suppose -p*n + 275 = l - 95, l - 5 = 0. What is the units digit of n?
3
Let a = -49 + 53. Suppose 4*n + 4*i - 510 + 106 = 0, 0 = -a*n + 3*i + 390. Suppose 0 = -4*z + 7*z - n. What is the units digit of z?
3
Suppose 32*x - 23*x - 886 = -22. What is the units digit of x?
6
Let u be 0 + 12/4 - 162/(-2). Suppose -3*f + 5*f - 4*y = 36, -4*y + 24 = 4*f. Suppose -f*r + u = -6*r. What is the tens digit of r?
2
Suppose -5*n = 0, n = -o + 5*n + 391. Let u = o - -293. What is the units digit of u?
4
Suppose -4*u - 205 = -225. Suppose -18*v + 4370 = -13*v + u*h, -3*v + 2654 = -5*h. What is the tens digit of v?
7
Let j = -79 + 104. Suppose -2*z + j = -147. What is the units digit of 15/5 + z - 1?
8
Let s(j) be the first derivative of 29*j**3/3 + 7*j**2/2 - 6*j - 179. What is the units digit of s(5)?
4
Let i(q) = 2*q**2 - 12*q - 12. Let m be i(-13). What is the hundreds digit of (m/(-8) - 9/(-12))*-2?
1
Suppose -3629 - 1921 = -6*s. Let f = -456 + s. What is the units digit of f?
9
Suppose -3*c = 2*o - 5*o - 1779, -4*c = 5*o - 2372. Suppose -5*s + 0*s - 1520 = -5*d, 2*d - 5*s - c = 0. What is the tens digit of d?
0
Let k(s) = -1716*s**3 - 39*s**2 - 13*s - 47. What is the tens digit of k(-3)?
7
Let j(q) = 0*q + 3*q - q**3 - 3*q**2 - 4 + 3 + 0. Let i = -124 - -119. What is the tens digit of j(i)?
3
Let z(c) = -c**3 - 9*c**2 + 12*c. Let k be (-4 + (-52)/(-10))*(-5)/(-2). Suppose -33 = 4*a - k*b + 26, 0 = -3*a + b - 38. What is the tens digit of z(a)?
1
Suppose 5*z - 2*z - 12 = 0. Suppose 103*h = 120*h - 4165. Suppose h = z*s + s. What is the tens digit of s?
4
Let p(n) = n - 7. Suppose 11*d = 7*d + 28. Let c be p(d). Suppose -4*m + v + 100 = c, 69 = 5*m - 5*v - 71. What is the tens digit of m?
2
Suppose -s - 3*s + 5*z = -122, -2*z = 3*s - 103. Let a = -39 + s. What is the units digit of -3*74/a - 0?
7
Let k = -444 - -213. Let f = k + 237. What is the units digit of f?
6
Suppose -46975 = -15*q + 43940. What is the hundreds digit of q?
0
Suppose 11*t + 300 = 4*a + 15*t, t + 363 = 5*a. Suppose -2 = -3*g + 4. Suppose -78 = -g*k + 2*u, -2*k + a = -0*k + 3*u. What is the tens digit of k?
3
Let w(o) = 1993*o + 204. Let l be w(3). Suppose 7*i = l + 4905. What is the tens digit of i?
8
Let u(y) = -172*y - 3. Suppose -5*p + 28 = -4*c, 2*c = -3*p + 4*p - 8. Let t be u(c). Suppose -3 = 5*b + 2, 3*h = -b + t. What is the units digit of h?
4
Suppose 3*l - 7 - 29 = 0. Let j be -2 + -4 + 152/1. Suppose 0 = -l*u + 10*u + j. What is the tens digit of u?
7
Let f = -118 + 106. What is the tens digit of 22/132 - 6142/f?
1
Let f = 22 - 2. Suppose 5*n + 863 = 5*o + 333, 4*o + 5*n - 442 = 0. Let j = o - f. What is the units digit of j?
8
Let x = -131944 - -225443. What is the ten thousands digit of x?
9
Let s(j) = j**2 - 28*j + 17. Let q be s(20). Let k = 66 + q. Let o = k - -78. What is the units digit of o?
1
Let v = 29 + -1. Suppose 0*x = k - x, -2*x + v = 5*k. Suppose s - 352 = -5*b - s, k*b - 4*s = 276. What is the units digit of b?
0
What is the thousands digit of 940379/318 - 21/18?
2
Suppose 2310*i - 2307*i - 3*u = 248877, 0 = -3*i + u + 248875. What is the tens digit of i?
5
Suppose -u + 3*i - i = -8, 0 = 2*u + 4*i + 8. Suppose -p - u*q - 62 = 0, 0 = -3*p + 5*q - 4*q - 207. Let s = -35 - p. What is the units digit of s?
3
Suppose 57*l - 217896 = 2644074. What is the tens digit of l?
1
Let g(m) be the first derivative of m**4/4 - 5*m**3/3 - 19*m**2/2 + 13*m + 23. Let i be g(13). Suppose 9*y - i - 772 = 0. What is the tens digit of y?
1
Let t be (-10)/((-210)/9) - (-6)/(-14). Suppose t = 10*y - 1055 - 1465. What is the tens digit of y?
5
Let g(b) = 8*b + 48. Let r be g(-21). Let k be (-1502)/15 - 16/r. What is the tens digit of 3 - 1 - (k + 17)?
8
Suppose -8*m + 114 + 150 = 0. Suppose -m = -b + 32. Let f = b + -31. What is the tens digit of f?
3
Suppose 5*m - 237 + 52 = 0. Let r(t) = -13*t + m - t**2 - 21 - 12*t. What is the tens digit of r(-11)?
7
Let o(g) = 20*g - 106. Let b be o(30). Suppose i - 1489 = -3*m - b, -2*i + 2*m + 2030 = 0. What is the hundreds digit of i?
0
Let s(p) = 2*p**3 + 3*p**2 - p + 1. Let h be s(3). Suppose 5*n = -h + 124. Suppose 4*a + 1210 = n*a. What is the hundreds digit of a?
2
Suppose -143*t - 4*o = -148*t + 68200, -t + o = -13639. What is the thousands digit of t?
3
Let q(t) = 5 + 5 - 103*t + 5. What is the hundreds digit of q(-5)?
5
Let v(k) = 879*k**3 - 2*k**2 - 82*k + 166. What is the units digit of v(2)?
6
What is the ten thousands digit of (-15)/(-9) + (4/(-30))/((-3)/241770)?
1
Let t(d) = -9*d - 146. Let i be t(-16). What is the units digit of (708 - i - 7) + -4?
9
Let i(r) = 4*r - 3. Let o be i(2). Suppose -5*d + 11 + 25 = 4*m, 0 = -5*d + o*m. Suppose -5*a = 4*h + 16, -3*h = -7*h - d*a - 12. What is the units digit of h?
1
Let s(z) = -5*z + 115. Let w be s(22). Suppose -w*y = -21 - 164. What is the tens digit of y?
3
Let h = -2370 - -4950. What is the tens digit of h?
8
Let q = 482 - 482. Suppose 0 = u - 4, -5*y - u + 577 + 1497 = q. What is the units digit of y?
4
Suppose -4*g = 3*d - 492, 2*g + d - 116 - 130 = 0. Suppose g = h - 10. What is the tens digit of h?
3
Let j(m) = 59*m + 1. Let v be j(2). Suppose 191 = 3*f - 4*r, -5*f - 222*r = -225*r - 311. Let b = v - f. What is the units digit of b?
8
Let v(n) = -n**3 + 6*n**2 - 6. Let r = -47 + 94. Let f = r + -42. What is the units digit of v(f)?
9
Let i = 621 + -621. What is the tens digit of 36/342 + (i - 6382/(-19))?
3
Let t(z) = -7*z**3 - 3*z**2 + 1. Let m be t(-2). What is the units digit of 6/10 - (-23913)/m?
2
Suppose 0 = -4*v - 5*r + 72, -98*v + 95*v + 43 = r. Suppose 1095 = v*m - 12*m. What is the tens digit of m?
9
Let k = -3987 - -8779. What is the tens digit of k?
9
Suppose 0 = 3*y + 2*u - 124366, -y - 165808 = -5*y - u. What is the hundreds digit of y?
4
Let d be 56/(-308) - (-3111)/(-11). Let f = 1075 + d. What is the units digit of f?
2
Suppose -3*y + 5*c + 30 = 2*y, 4*y + 2*c - 6 = 0. Suppose -12 = -y*z - 0*z - 3*h, 15 = 5*z + 4*h. What is the units digit of 41*3 + z/(1/3)?
0
Suppose 0 = -97*j + 132915 + 420567. What is the tens digit of j?
0
Suppose r - 4*y = 344, 3*r - 3*y + 6*y - 972 = 0. Let c(v) = 383*v + 1 - 3 - r*v. What is the units digit of c(1)?
3
Suppose 4*q - 666 = 262. Suppose 0 = 2*g - 0*g - 2*k - 428, g + 5*k = q. What is the tens digit of g?
1
Let w(c) = c**3 - 6*c**2 + 2. Let x be w(6). Suppose 1140 = 4*t - 4*h, -3*h + x*h - 1131 = -4*t. Let s = t + -160. What is the units digit of s?
2
Let v(s) = 3 + 17*s - 22*s + 2 + s**2. Let x be v(7). Suppose -4*k + 113 = 3*g, 5*k = x + 6. What is the units digit of g?
1
Suppose 0 = 5*w + 5*k + 502 - 172, -2*k + 295 = -5*w. Let f(v) = -12*v**2 + 2*v + 12. Let q be f(-3). Let h = w - q. What is the tens digit of h?
4
Suppose 0 = -65*x + 1890530 - 564075. What is the thousands digit of x?
0
Suppose -u + 1 - 3 = 0, -26 = 5*z - 2*u. Let h be z/(-9)*(-1017)/(-6). Let o = h + -15. What is the units digit of o?
8
Let d = -216 - -217. What is the hundreds digit of d*(-7)/((-28)/1256)?
3
Let v = -36861 + 87811. What is the thousands digit of v?
0
Let o(w) = -2*w**2 - 371*w + 14. What is the hundreds digit of o(-154)?
7
Let c(g) = 11*g**2 - 3*g - 1. Let m be c(3). Suppose -m*d + 87*d + 132 = 0. Suppose -24*x + 18*x = -d. What is the units digit of x?
1
Let a = 1437 + 6963. What is the tens digit of a?
0
Suppose 2*c + 0*c = -32. Suppose 5*u - 165 = 5*k, -k = -2*u - 2*u + 45. Let p = c - k. What is the tens digit of p?
1
Let d be 1 - (-1 - -7) - (-13 + 189). Let a = 222 + d. What is the tens digit of a?
4
Suppose 0 = -n + 4*z - 11 - 69, 2*n + z = -178. Let w = 529 + n. What is the units digit of w?
1
Let b(p) = p**2 - 20*p - 26. Let k be b(24). Suppose -2*c = 8*c + k. Let x = c + 145. What is the tens digit of x?
3
Let d = 41723 - 17800. What is the tens digit of d?
2
Let u be (-29)/((-174)/(-180)) + 7. Let m(z) = -37*z + 218. What is the tens digit of m(u)?
6
Suppose 2 = -5*h + 22. Sup